Last updated on 2025-04-17 05:49:57 CEST.
Flavor | Version | Tinstall | Tcheck | Ttotal | Status | Flags |
---|---|---|---|---|---|---|
r-devel-linux-x86_64-debian-clang | 2.0.0 | 1.99 | 164.44 | 166.43 | OK | |
r-devel-linux-x86_64-debian-gcc | 2.0.0 | 1.73 | 107.87 | 109.60 | OK | |
r-devel-linux-x86_64-fedora-clang | 2.0.0 | 284.09 | OK | |||
r-devel-linux-x86_64-fedora-gcc | 2.0.0 | 272.31 | OK | |||
r-devel-windows-x86_64 | 2.0.0 | 3.00 | 177.00 | 180.00 | OK | |
r-patched-linux-x86_64 | 2.0.0 | 1.92 | 161.55 | 163.47 | OK | |
r-release-linux-x86_64 | 2.0.0 | 1.55 | 160.83 | 162.38 | OK | |
r-release-macos-arm64 | 2.0.0 | 159.00 | OK | |||
r-release-macos-x86_64 | 2.0.0 | 148.00 | OK | |||
r-release-windows-x86_64 | 2.0.0 | 3.00 | 184.00 | 187.00 | OK | |
r-oldrel-macos-arm64 | 2.0.0 | 130.00 | NOTE | |||
r-oldrel-macos-x86_64 | 2.0.0 | 149.00 | NOTE | |||
r-oldrel-windows-x86_64 | 2.0.0 | 4.00 | 235.00 | 239.00 | NOTE |
Version: 2.0.0
Check: LazyData
Result: NOTE
'LazyData' is specified without a 'data' directory
Flavors: r-oldrel-macos-arm64, r-oldrel-macos-x86_64, r-oldrel-windows-x86_64