Last updated on 2025-10-27 04:50:20 CET.
| Flavor | Version | Tinstall | Tcheck | Ttotal | Status | Flags |
|---|---|---|---|---|---|---|
| r-devel-linux-x86_64-debian-clang | 1.1.8 | 7.05 | 70.99 | 78.04 | NOTE | |
| r-devel-linux-x86_64-debian-gcc | 1.1.8 | 5.62 | 50.46 | 56.08 | NOTE | |
| r-devel-linux-x86_64-fedora-clang | 1.1.8 | 17.00 | 102.79 | 119.79 | OK | |
| r-devel-linux-x86_64-fedora-gcc | 1.1.8 | 18.00 | 95.13 | 113.13 | OK | |
| r-devel-windows-x86_64 | 1.1.8 | 8.00 | 82.00 | 90.00 | OK | |
| r-patched-linux-x86_64 | 1.1.8 | 8.06 | 66.29 | 74.35 | OK | |
| r-release-linux-x86_64 | 1.1.8 | 7.41 | 68.16 | 75.57 | OK | |
| r-release-macos-arm64 | 1.1.8 | 4.00 | 35.00 | 39.00 | OK | |
| r-release-macos-x86_64 | 1.1.8 | 7.00 | 57.00 | 64.00 | OK | |
| r-release-windows-x86_64 | 1.1.8 | 9.00 | 82.00 | 91.00 | OK | |
| r-oldrel-macos-arm64 | 1.1.8 | 4.00 | 30.00 | 34.00 | OK | |
| r-oldrel-macos-x86_64 | 1.1.8 | 6.00 | 46.00 | 52.00 | OK | |
| r-oldrel-windows-x86_64 | 1.1.8 | 12.00 | 103.00 | 115.00 | OK |
Version: 1.1.8
Check: CRAN incoming feasibility
Result: NOTE
Maintainer: ‘David Moriña Soler <dmorina@ub.edu>’
Package CITATION file contains call(s) to old-style personList() or
as.personList(). Please use c() on person objects instead.
Package CITATION file contains call(s) to old-style citEntry(). Please
use bibentry() instead.
Flavors: r-devel-linux-x86_64-debian-clang, r-devel-linux-x86_64-debian-gcc