Last updated on 2025-11-24 04:50:11 CET.
| Flavor | Version | Tinstall | Tcheck | Ttotal | Status | Flags |
|---|---|---|---|---|---|---|
| r-devel-linux-x86_64-debian-clang | 0.1.0 | 5.26 | 91.31 | 96.57 | NOTE | |
| r-devel-linux-x86_64-debian-gcc | 0.1.0 | 4.33 | 65.26 | 69.59 | NOTE | |
| r-devel-linux-x86_64-fedora-clang | 0.1.0 | 15.00 | 135.68 | 150.68 | OK | |
| r-devel-linux-x86_64-fedora-gcc | 0.1.0 | 13.00 | 147.77 | 160.77 | OK | |
| r-devel-windows-x86_64 | 0.1.0 | 9.00 | 94.00 | 103.00 | OK | |
| r-patched-linux-x86_64 | 0.1.0 | 6.05 | 87.30 | 93.35 | OK | |
| r-release-linux-x86_64 | 0.1.0 | 5.37 | 85.96 | 91.33 | OK | |
| r-release-macos-arm64 | 0.1.0 | OK | ||||
| r-release-macos-x86_64 | 0.1.0 | 5.00 | 71.00 | 76.00 | OK | |
| r-release-windows-x86_64 | 0.1.0 | 8.00 | 98.00 | 106.00 | OK | |
| r-oldrel-macos-arm64 | 0.1.0 | OK | ||||
| r-oldrel-macos-x86_64 | 0.1.0 | 4.00 | 56.00 | 60.00 | OK | |
| r-oldrel-windows-x86_64 | 0.1.0 | 11.00 | 119.00 | 130.00 | OK |
Version: 0.1.0
Check: CRAN incoming feasibility
Result: NOTE
Maintainer: ‘Uditha Amarananda Wijesuriya <u.wijesuriya@usi.edu>’
No Authors@R field in DESCRIPTION.
Please add one, modifying
Authors@R: person(given = c("Uditha", "Amarananda"),
family = "Wijesuriya",
role = c("aut", "cre"),
email = "u.wijesuriya@usi.edu")
as necessary.
Flavors: r-devel-linux-x86_64-debian-clang, r-devel-linux-x86_64-debian-gcc