Last updated on 2025-07-28 05:50:38 CEST.
Flavor | Version | Tinstall | Tcheck | Ttotal | Status | Flags |
---|---|---|---|---|---|---|
r-devel-linux-x86_64-debian-clang | 2.0.0 | 57.19 | 55.53 | 112.72 | OK | |
r-devel-linux-x86_64-debian-gcc | 2.0.0 | 39.11 | 37.12 | 76.23 | OK | |
r-devel-linux-x86_64-fedora-clang | 2.0.0 | 174.77 | OK | |||
r-devel-linux-x86_64-fedora-gcc | 2.0.0 | 181.55 | OK | |||
r-devel-windows-x86_64 | 2.0.0 | 60.00 | 108.00 | 168.00 | OK | |
r-patched-linux-x86_64 | 2.0.0 | 59.31 | 51.61 | 110.92 | OK | |
r-release-linux-x86_64 | 2.0.0 | 55.06 | 51.27 | 106.33 | OK | |
r-release-macos-arm64 | 2.0.0 | 45.00 | OK | |||
r-release-macos-x86_64 | 2.0.0 | 101.00 | OK | |||
r-release-windows-x86_64 | 2.0.0 | 58.00 | 91.00 | 149.00 | OK | |
r-oldrel-macos-arm64 | 2.0.0 | 43.00 | NOTE | |||
r-oldrel-macos-x86_64 | 2.0.0 | 82.00 | NOTE | |||
r-oldrel-windows-x86_64 | 2.0.0 | 71.00 | 106.00 | 177.00 | OK |
Version: 2.0.0
Check: installed package size
Result: NOTE
installed size is 5.3Mb
sub-directories of 1Mb or more:
libs 4.5Mb
Flavors: r-oldrel-macos-arm64, r-oldrel-macos-x86_64