CRAN Package Check Results for Package tab

Last updated on 2025-07-27 05:48:46 CEST.

Flavor Version Tinstall Tcheck Ttotal Status Flags
r-devel-linux-x86_64-debian-clang 5.1.1 14.72 113.78 128.50 NOTE
r-devel-linux-x86_64-debian-gcc 5.1.1 10.50 81.49 91.99 NOTE
r-devel-linux-x86_64-fedora-clang 5.1.1 198.73 NOTE
r-devel-linux-x86_64-fedora-gcc 5.1.1 198.65 NOTE
r-devel-windows-x86_64 5.1.1 15.00 127.00 142.00 NOTE
r-patched-linux-x86_64 5.1.1 12.91 106.21 119.12 NOTE
r-release-linux-x86_64 5.1.1 14.32 105.89 120.21 NOTE
r-release-macos-arm64 5.1.1 94.00 NOTE
r-release-macos-x86_64 5.1.1 127.00 NOTE
r-release-windows-x86_64 5.1.1 14.00 114.00 128.00 NOTE
r-oldrel-macos-arm64 5.1.1 56.00 NOTE
r-oldrel-macos-x86_64 5.1.1 89.00 NOTE
r-oldrel-windows-x86_64 5.1.1 21.00 146.00 167.00 NOTE

Check Details

Version: 5.1.1
Check: CRAN incoming feasibility
Result: NOTE Maintainer: ‘Dane R. Van Domelen <vandomed@gmail.com>’ No Authors@R field in DESCRIPTION. Please add one, modifying Authors@R: person(given = c("Dane", "R."), family = "Van Domelen", role = c("aut", "cre"), email = "vandomed@gmail.com") as necessary. Flavors: r-devel-linux-x86_64-debian-clang, r-devel-linux-x86_64-debian-gcc

Version: 5.1.1
Check: Rd files
Result: NOTE checkRd: (-1) tabmulti.Rd:68: Lost braces 68 | \\code{yvarlabels = list(race = "Race/ethnicity", age_yrs = "Age (years)")}.} | ^ checkRd: (-1) tabmulti.svy.Rd:67: Lost braces 67 | \\code{yvarlabels = list(race = "Race/ethnicity", age_yrs = "Age (years)")}.} | ^ Flavors: r-devel-linux-x86_64-debian-clang, r-devel-linux-x86_64-debian-gcc, r-devel-linux-x86_64-fedora-clang, r-devel-linux-x86_64-fedora-gcc, r-devel-windows-x86_64, r-patched-linux-x86_64, r-release-linux-x86_64, r-release-macos-arm64, r-release-macos-x86_64, r-release-windows-x86_64, r-oldrel-macos-arm64, r-oldrel-macos-x86_64, r-oldrel-windows-x86_64