CRAN Package Check Results for Package tdsa

Last updated on 2025-04-30 05:49:57 CEST.

Flavor Version Tinstall Tcheck Ttotal Status Flags
r-devel-linux-x86_64-debian-clang 1.1-0 2.49 44.66 47.15 NOTE
r-devel-linux-x86_64-debian-gcc 1.1-0 1.82 29.22 31.04 NOTE
r-devel-linux-x86_64-fedora-clang 1.1-0 75.25 OK
r-devel-linux-x86_64-fedora-gcc 1.1-0 161.67 OK
r-devel-windows-x86_64 1.1-0 4.00 65.00 69.00 OK
r-patched-linux-x86_64 1.1-0 2.60 40.93 43.53 OK
r-release-linux-x86_64 1.1-0 2.35 41.65 44.00 OK
r-release-macos-arm64 1.1-0 52.00 OK
r-release-macos-x86_64 1.1-0 86.00 OK
r-release-windows-x86_64 1.1-0 4.00 62.00 66.00 OK
r-oldrel-macos-arm64 1.1-0 41.00 OK
r-oldrel-macos-x86_64 1.1-0 65.00 OK
r-oldrel-windows-x86_64 1.1-0 4.00 71.00 75.00 OK

Check Details

Version: 1.1-0
Check: CRAN incoming feasibility
Result: NOTE Maintainer: ‘Wee Hao Ng <wn68@cornell.edu>’ Package has help file(s) containing later-stage \Sexpr{} expressions but no 'build/stage23.rdb' file. Flavors: r-devel-linux-x86_64-debian-clang, r-devel-linux-x86_64-debian-gcc

Version: 1.1-0
Check: examples
Result: NOTE Examples with CPU (user + system) or elapsed time > 5s user system elapsed state_sens 7.459 0.01 11.071 Flavor: r-devel-linux-x86_64-debian-clang