CRAN Package Check Results for Package text2emotion

Last updated on 2025-11-24 04:50:11 CET.

Flavor Version Tinstall Tcheck Ttotal Status Flags
r-devel-linux-x86_64-debian-clang 0.1.0 16.15 154.50 170.65 OK
r-devel-linux-x86_64-debian-gcc 0.1.0 13.43 110.71 124.14 OK
r-devel-linux-x86_64-fedora-clang 0.1.0 40.00 229.79 269.79 NOTE
r-devel-linux-x86_64-fedora-gcc 0.1.0 34.00 228.83 262.83 NOTE
r-devel-windows-x86_64 0.1.0 21.00 140.00 161.00 OK
r-patched-linux-x86_64 0.1.0 16.84 148.29 165.13 OK
r-release-linux-x86_64 0.1.0 14.54 145.11 159.65 OK
r-release-macos-arm64 0.1.0 OK
r-release-macos-x86_64 0.1.0 14.00 85.00 99.00 OK
r-release-windows-x86_64 0.1.0 18.00 150.00 168.00 OK
r-oldrel-macos-arm64 0.1.0 OK
r-oldrel-macos-x86_64 0.1.0 14.00 113.00 127.00 OK
r-oldrel-windows-x86_64 0.1.0 25.00 186.00 211.00 OK

Check Details

Version: 0.1.0
Check: dependencies in R code
Result: NOTE Namespace in Imports field not imported from: ‘Matrix’ All declared Imports should be used. Flavors: r-devel-linux-x86_64-fedora-clang, r-devel-linux-x86_64-fedora-gcc