Last updated on 2025-11-25 04:50:37 CET.
| Flavor | Version | Tinstall | Tcheck | Ttotal | Status | Flags |
|---|---|---|---|---|---|---|
| r-devel-linux-x86_64-debian-clang | 0.1.1 | 15.55 | 29.26 | 44.81 | NOTE | |
| r-devel-linux-x86_64-debian-gcc | 0.1.1 | 12.67 | 25.62 | 38.29 | NOTE | |
| r-devel-linux-x86_64-fedora-clang | 0.1.1 | 37.00 | 33.02 | 70.02 | OK | |
| r-devel-linux-x86_64-fedora-gcc | 0.1.1 | 46.00 | 25.98 | 71.98 | OK | |
| r-devel-windows-x86_64 | 0.1.1 | 16.00 | 40.00 | 56.00 | OK | |
| r-patched-linux-x86_64 | 0.1.1 | 15.87 | 26.82 | 42.69 | OK | |
| r-release-linux-x86_64 | 0.1.1 | 15.78 | 27.35 | 43.13 | OK | |
| r-release-macos-arm64 | 0.1.1 | OK | ||||
| r-release-macos-x86_64 | 0.1.1 | 23.00 | 33.00 | 56.00 | OK | |
| r-release-windows-x86_64 | 0.1.1 | 15.00 | 41.00 | 56.00 | OK | |
| r-oldrel-macos-arm64 | 0.1.1 | NOTE | ||||
| r-oldrel-macos-x86_64 | 0.1.1 | 17.00 | 26.00 | 43.00 | NOTE | |
| r-oldrel-windows-x86_64 | 0.1.1 | 16.00 | 43.00 | 59.00 | NOTE |
Version: 0.1.1
Check: CRAN incoming feasibility
Result: NOTE
Maintainer: ‘Dominik S. Meier <dominikmeier@outlook.com>’
The Description field contains
'text2sdg' package. See Wulff, Meier and Mata (2023) <arXiv:2301.11353>
and Meier, Wulff and Mata (2021) <arXiv:2110.05856> for reference.
Please refer to arXiv e-prints via their arXiv DOI <doi:10.48550/arXiv.YYMM.NNNNN>.
Flavors: r-devel-linux-x86_64-debian-clang, r-devel-linux-x86_64-debian-gcc
Version: 0.1.1
Check: installed package size
Result: NOTE
installed size is 6.2Mb
sub-directories of 1Mb or more:
data 6.2Mb
Flavors: r-oldrel-macos-arm64, r-oldrel-macos-x86_64, r-oldrel-windows-x86_64