Last updated on 2025-07-27 05:48:46 CEST.
Flavor | Version | Tinstall | Tcheck | Ttotal | Status | Flags |
---|---|---|---|---|---|---|
r-devel-linux-x86_64-debian-clang | 1.1.8 | 92.83 | 135.44 | 228.27 | OK | |
r-devel-linux-x86_64-debian-gcc | 1.1.8 | 76.73 | 119.88 | 196.61 | OK | |
r-devel-linux-x86_64-fedora-clang | 1.1.8 | 382.67 | OK | |||
r-devel-linux-x86_64-fedora-gcc | 1.1.8 | 415.72 | OK | |||
r-devel-windows-x86_64 | 1.1.8 | 107.00 | 163.00 | 270.00 | OK | |
r-patched-linux-x86_64 | 1.1.8 | 104.04 | 130.95 | 234.99 | OK | |
r-release-linux-x86_64 | 1.1.8 | 100.99 | 131.48 | 232.47 | OK | |
r-release-macos-arm64 | 1.1.8 | 127.00 | OK | |||
r-release-macos-x86_64 | 1.1.8 | 207.00 | OK | |||
r-release-windows-x86_64 | 1.1.8 | 105.00 | 156.00 | 261.00 | OK | |
r-oldrel-macos-arm64 | 1.1.8 | 101.00 | NOTE | |||
r-oldrel-macos-x86_64 | 1.1.8 | 142.00 | NOTE | |||
r-oldrel-windows-x86_64 | 1.1.8 | 125.00 | 199.00 | 324.00 | OK |
Version: 1.1.8
Check: installed package size
Result: NOTE
installed size is 15.3Mb
sub-directories of 1Mb or more:
libs 13.8Mb
Flavors: r-oldrel-macos-arm64, r-oldrel-macos-x86_64