Last updated on 2025-06-30 05:48:41 CEST.
Flavor | Version | Tinstall | Tcheck | Ttotal | Status | Flags |
---|---|---|---|---|---|---|
r-devel-linux-x86_64-debian-clang | 0.0.4 | 84.17 | 51.98 | 136.15 | OK | |
r-devel-linux-x86_64-debian-gcc | 0.0.4 | 63.56 | 38.72 | 102.28 | OK | |
r-devel-linux-x86_64-fedora-clang | 0.0.4 | 259.13 | OK | |||
r-devel-linux-x86_64-fedora-gcc | 0.0.4 | 235.56 | OK | |||
r-devel-windows-x86_64 | 0.0.4 | 131.00 | 136.00 | 267.00 | OK | |
r-patched-linux-x86_64 | OK | |||||
r-release-linux-x86_64 | 0.0.4 | 89.33 | 47.79 | 137.12 | OK | |
r-release-macos-arm64 | 0.0.4 | 79.00 | OK | |||
r-release-macos-x86_64 | 0.0.4 | 86.00 | OK | |||
r-release-windows-x86_64 | 0.0.4 | 128.00 | 120.00 | 248.00 | OK | |
r-oldrel-macos-arm64 | 0.0.4 | 70.00 | NOTE | |||
r-oldrel-macos-x86_64 | 0.0.4 | 101.00 | NOTE | |||
r-oldrel-windows-x86_64 | 0.0.4 | 147.00 | 139.00 | 286.00 | OK |
Version: 0.0.4
Check: installed package size
Result: NOTE
installed size is 27.4Mb
sub-directories of 1Mb or more:
libs 27.1Mb
Flavors: r-oldrel-macos-arm64, r-oldrel-macos-x86_64