Last updated on 2025-11-24 04:50:11 CET.
| Flavor | Version | Tinstall | Tcheck | Ttotal | Status | Flags |
|---|---|---|---|---|---|---|
| r-devel-linux-x86_64-debian-clang | 2015.12-1.1 | 2.57 | 29.87 | 32.44 | NOTE | |
| r-devel-linux-x86_64-debian-gcc | 2015.12-1.1 | 2.08 | 23.80 | 25.88 | NOTE | |
| r-devel-linux-x86_64-fedora-clang | 2015.12-1.1 | 47.97 | OK | |||
| r-devel-linux-x86_64-fedora-gcc | 2015.12-1.1 | 58.24 | OK | |||
| r-devel-windows-x86_64 | 2015.12-1.1 | 5.00 | 56.00 | 61.00 | OK | |
| r-patched-linux-x86_64 | 2015.12-1.1 | 2.96 | 27.53 | 30.49 | OK | |
| r-release-linux-x86_64 | 2015.12-1.1 | 2.44 | 27.50 | 29.94 | OK | |
| r-release-macos-arm64 | 2015.12-1.1 | OK | ||||
| r-release-macos-x86_64 | 2015.12-1.1 | 2.00 | 39.00 | 41.00 | OK | |
| r-release-windows-x86_64 | 2015.12-1.1 | 3.00 | 55.00 | 58.00 | OK | |
| r-oldrel-macos-arm64 | 2015.12-1.1 | OK | ||||
| r-oldrel-macos-x86_64 | 2015.12-1.1 | 2.00 | 34.00 | 36.00 | OK | |
| r-oldrel-windows-x86_64 | 2015.12-1.1 | 3.00 | 57.00 | 60.00 | OK |
Version: 2015.12-1.1
Check: CRAN incoming feasibility
Result: NOTE
Maintainer: ‘Paul Gilbert <pgilbert.ttv9z@ncf.ca>’
No Authors@R field in DESCRIPTION.
Please add one, modifying
Authors@R: person(given = "Paul",
family = "Gilbert",
role = c("aut", "cre"),
email = "pgilbert.ttv9z@ncf.ca")
as necessary.
Flavors: r-devel-linux-x86_64-debian-clang, r-devel-linux-x86_64-debian-gcc