Last updated on 2025-10-09 14:50:36 CEST.
Flavor | Version | Tinstall | Tcheck | Ttotal | Status | Flags |
---|---|---|---|---|---|---|
r-devel-linux-x86_64-debian-clang | 0.2.2 | 6.89 | 59.55 | 66.44 | OK | |
r-devel-linux-x86_64-debian-gcc | 0.2.2 | 4.48 | 42.01 | 46.49 | OK | |
r-devel-linux-x86_64-fedora-clang | 0.2.2 | 105.15 | OK | |||
r-devel-linux-x86_64-fedora-gcc | 0.2.2 | 105.91 | OK | |||
r-devel-windows-x86_64 | 0.2.2 | 8.00 | 73.00 | 81.00 | OK | |
r-patched-linux-x86_64 | 0.2.2 | 7.05 | 53.91 | 60.96 | OK | |
r-release-linux-x86_64 | 0.2.2 | 6.77 | 53.76 | 60.53 | OK | |
r-release-macos-arm64 | 0.2.2 | 36.00 | OK | |||
r-release-macos-x86_64 | 0.2.2 | 63.00 | OK | |||
r-release-windows-x86_64 | 0.2.2 | 8.00 | 76.00 | 84.00 | OK | |
r-oldrel-macos-arm64 | 0.2.2 | 35.00 | NOTE | |||
r-oldrel-macos-x86_64 | 0.2.2 | 53.00 | NOTE | |||
r-oldrel-windows-x86_64 | 0.2.2 | 11.00 | 88.00 | 99.00 | NOTE |
Version: 0.2.2
Check: LazyData
Result: NOTE
'LazyData' is specified without a 'data' directory
Flavors: r-oldrel-macos-arm64, r-oldrel-macos-x86_64, r-oldrel-windows-x86_64