Last updated on 2024-06-17 05:49:10 CEST.
Flavor | Version | Tinstall | Tcheck | Ttotal | Status | Flags |
---|---|---|---|---|---|---|
r-devel-linux-x86_64-debian-clang | 0.2.7 | 55.78 | 660.92 | 716.70 | OK | |
r-devel-linux-x86_64-debian-gcc | 0.2.7 | 49.76 | 524.48 | 574.24 | OK | |
r-devel-linux-x86_64-fedora-clang | 0.2.7 | 930.94 | OK | |||
r-devel-linux-x86_64-fedora-gcc | 0.2.7 | 593.89 | OK | |||
r-devel-windows-x86_64 | 0.2.7 | 44.00 | 474.00 | 518.00 | OK | |
r-patched-linux-x86_64 | 0.2.7 | 0.68 | 2.52 | 3.20 | ERROR | |
r-release-linux-x86_64 | 0.2.7 | 0.84 | 2.28 | 3.12 | ERROR | |
r-release-macos-arm64 | 0.2.7 | 262.00 | OK | |||
r-release-macos-x86_64 | 0.2.7 | 481.00 | OK | |||
r-release-windows-x86_64 | 0.2.7 | 37.00 | 414.00 | 451.00 | OK | |
r-oldrel-macos-arm64 | 0.2.7 | 279.00 | OK | |||
r-oldrel-macos-x86_64 | 0.2.7 | 533.00 | OK | |||
r-oldrel-windows-x86_64 | 0.2.7 | 56.00 | 605.00 | 661.00 | OK |
Version: 0.2.7
Check: package dependencies
Result: ERROR
Package required but not available: ‘blavaan’
See section ‘The DESCRIPTION file’ in the ‘Writing R Extensions’
manual.
Flavors: r-patched-linux-x86_64, r-release-linux-x86_64