Last updated on 2025-11-24 04:50:11 CET.
| Flavor | Version | Tinstall | Tcheck | Ttotal | Status | Flags |
|---|---|---|---|---|---|---|
| r-devel-linux-x86_64-debian-clang | 0.2.3 | 7.52 | 99.09 | 106.61 | OK | |
| r-devel-linux-x86_64-debian-gcc | 0.2.4 | 5.47 | 73.48 | 78.95 | OK | |
| r-devel-linux-x86_64-fedora-clang | 0.2.4 | 47.00 | 130.51 | 177.51 | OK | |
| r-devel-linux-x86_64-fedora-gcc | 0.2.3 | 20.00 | 160.01 | 180.01 | OK | |
| r-devel-windows-x86_64 | 0.2.3 | 10.00 | 133.00 | 143.00 | OK | |
| r-patched-linux-x86_64 | 0.2.3 | 8.47 | 92.00 | 100.47 | OK | |
| r-release-linux-x86_64 | 0.2.3 | 7.31 | 93.22 | 100.53 | OK | |
| r-release-macos-arm64 | 0.2.4 | 5.00 | 32.00 | 37.00 | OK | |
| r-release-macos-x86_64 | 0.2.4 | 20.00 | 188.00 | 208.00 | OK | |
| r-release-windows-x86_64 | 0.2.3 | 10.00 | 108.00 | 118.00 | OK | |
| r-oldrel-macos-arm64 | 0.2.4 | 4.00 | 37.00 | 41.00 | NOTE | |
| r-oldrel-macos-x86_64 | 0.2.4 | 24.00 | 196.00 | 220.00 | NOTE | |
| r-oldrel-windows-x86_64 | 0.2.3 | 16.00 | 126.00 | 142.00 | ERROR |
Version: 0.2.4
Check: installed package size
Result: NOTE
installed size is 10.9Mb
sub-directories of 1Mb or more:
data 3.8Mb
doc 1.0Mb
help 6.0Mb
Flavors: r-oldrel-macos-arm64, r-oldrel-macos-x86_64
Version: 0.2.3
Check: installed package size
Result: NOTE
installed size is 10.1Mb
sub-directories of 1Mb or more:
data 3.7Mb
help 5.7Mb
Flavor: r-oldrel-windows-x86_64
Version: 0.2.3
Check: re-building of vignette outputs
Result: ERROR
Error(s) in re-building vignettes:
--- re-building 'v01_intro.Rmd' using rmarkdown
File man/figures/korea_map.png not found in resource path
Error: processing vignette 'v01_intro.Rmd' failed with diagnostics:
pandoc document conversion failed with error 99
--- failed re-building 'v01_intro.Rmd'
--- re-building 'v02_regional_analysis.Rmd' using rmarkdown
--- finished re-building 'v02_regional_analysis.Rmd'
--- re-building 'v03_gallery.Rmd' using rmarkdown
--- finished re-building 'v03_gallery.Rmd'
--- re-building 'v04_data_cleaning_kosis.Rmd' using rmarkdown
--- finished re-building 'v04_data_cleaning_kosis.Rmd'
SUMMARY: processing the following file failed:
'v01_intro.Rmd'
Error: Vignette re-building failed.
Execution halted
Flavor: r-oldrel-windows-x86_64