Last updated on 2025-10-09 14:50:37 CEST.
Flavor | Version | Tinstall | Tcheck | Ttotal | Status | Flags |
---|---|---|---|---|---|---|
r-devel-linux-x86_64-debian-clang | 0.1.3 | 7.68 | 191.43 | 199.11 | WARN | |
r-devel-linux-x86_64-debian-gcc | 0.1.3 | 5.64 | 131.68 | 137.32 | WARN | |
r-devel-linux-x86_64-fedora-clang | 0.1.3 | 325.32 | WARN | |||
r-devel-linux-x86_64-fedora-gcc | 0.1.3 | 323.99 | WARN | |||
r-devel-windows-x86_64 | 0.1.3 | 10.00 | 181.00 | 191.00 | WARN | |
r-patched-linux-x86_64 | 0.1.3 | 8.27 | 180.09 | 188.36 | WARN | |
r-release-linux-x86_64 | 0.1.3 | 8.19 | 180.47 | 188.66 | WARN | |
r-release-macos-arm64 | 0.1.3 | 74.00 | OK | |||
r-release-macos-x86_64 | 0.1.3 | 159.00 | OK | |||
r-release-windows-x86_64 | 0.1.3 | 14.00 | 177.00 | 191.00 | WARN | |
r-oldrel-macos-arm64 | 0.1.3 | 73.00 | OK | |||
r-oldrel-macos-x86_64 | 0.1.3 | 119.00 | OK | |||
r-oldrel-windows-x86_64 | 0.1.3 | 15.00 | 232.00 | 247.00 | WARN |
Version: 0.1.3
Check: S3 generic/method consistency
Result: WARN
ggplot_add:
function(object, plot, ...)
ggplot_add.rotate_facet_label_spec:
function(object, plot, object_name)
ggplot_add:
function(object, plot, ...)
ggplot_add.sequential_layer_facet_spec:
function(object, plot, object_name)
See section ‘Generic functions and methods’ in the ‘Writing R
Extensions’ manual.
Flavors: r-devel-linux-x86_64-debian-clang, r-devel-linux-x86_64-debian-gcc, r-devel-linux-x86_64-fedora-clang, r-devel-linux-x86_64-fedora-gcc, r-devel-windows-x86_64, r-patched-linux-x86_64, r-release-linux-x86_64, r-release-windows-x86_64, r-oldrel-windows-x86_64