CRAN Package Check Results for Package tm1r

Last updated on 2025-11-24 04:50:11 CET.

Flavor Version Tinstall Tcheck Ttotal Status Flags
r-devel-linux-x86_64-debian-clang 1.1.8 2.34 26.22 28.56 NOTE
r-devel-linux-x86_64-debian-gcc 1.1.8 2.12 20.01 22.13 NOTE
r-devel-linux-x86_64-fedora-clang 1.1.8 42.50 OK
r-devel-linux-x86_64-fedora-gcc 1.1.8 39.44 OK
r-devel-windows-x86_64 1.1.8 5.00 46.00 51.00 OK
r-patched-linux-x86_64 1.1.8 3.06 23.50 26.56 OK
r-release-linux-x86_64 1.1.8 2.82 23.66 26.48 OK
r-release-macos-arm64 1.1.8 OK
r-release-macos-x86_64 1.1.8 3.00 25.00 28.00 OK
r-release-windows-x86_64 1.1.8 5.00 58.00 63.00 OK
r-oldrel-macos-arm64 1.1.8 NOTE
r-oldrel-macos-x86_64 1.1.8 2.00 21.00 23.00 NOTE
r-oldrel-windows-x86_64 1.1.8 6.00 51.00 57.00 NOTE

Check Details

Version: 1.1.8
Check: CRAN incoming feasibility
Result: NOTE Maintainer: ‘Muhammed Ali Onder <muhammedalionder@gmail.com>’ No Authors@R field in DESCRIPTION. Please add one, modifying Authors@R: person(given = c("Muhammed", "Ali"), family = "Onder", role = c("aut", "cre"), email = "muhammedalionder@gmail.com") as necessary. Flavors: r-devel-linux-x86_64-debian-clang, r-devel-linux-x86_64-debian-gcc

Version: 1.1.8
Check: LazyData
Result: NOTE 'LazyData' is specified without a 'data' directory Flavors: r-oldrel-macos-arm64, r-oldrel-macos-x86_64, r-oldrel-windows-x86_64