Last updated on 2025-05-21 05:52:07 CEST.
Flavor | Version | Tinstall | Tcheck | Ttotal | Status | Flags |
---|---|---|---|---|---|---|
r-devel-linux-x86_64-debian-clang | 1.0.4 | 3.71 | 32.67 | 36.38 | NOTE | |
r-devel-linux-x86_64-debian-gcc | 1.0.4 | 2.82 | 24.07 | 26.89 | NOTE | |
r-devel-linux-x86_64-fedora-clang | 1.0.4 | 57.09 | OK | |||
r-devel-linux-x86_64-fedora-gcc | 1.0.4 | 55.00 | OK | |||
r-devel-windows-x86_64 | 1.0.4 | 6.00 | 69.00 | 75.00 | OK | |
r-patched-linux-x86_64 | 1.0.4 | 3.66 | 30.65 | 34.31 | OK | |
r-release-linux-x86_64 | 1.0.4 | 3.60 | 30.77 | 34.37 | OK | |
r-release-macos-arm64 | 1.0.4 | 23.00 | OK | |||
r-release-macos-x86_64 | 1.0.4 | 41.00 | OK | |||
r-release-windows-x86_64 | 1.0.4 | 7.00 | 71.00 | 78.00 | OK | |
r-oldrel-macos-arm64 | 1.0.4 | 22.00 | OK | |||
r-oldrel-macos-x86_64 | 1.0.4 | 32.00 | OK | |||
r-oldrel-windows-x86_64 | 1.0.4 | 7.00 | 68.00 | 75.00 | OK |
Version: 1.0.4
Check: CRAN incoming feasibility
Result: NOTE
Maintainer: ‘Jouni Helske <jouni.helske@iki.fi>’
No Authors@R field in DESCRIPTION.
Please add one, modifying
Authors@R: person(given = "Jouni",
family = "Helske",
role = c("aut", "cre"),
email = "jouni.helske@iki.fi")
as necessary.
Flavors: r-devel-linux-x86_64-debian-clang, r-devel-linux-x86_64-debian-gcc