Last updated on 2025-11-25 04:50:38 CET.
| Flavor | Version | Tinstall | Tcheck | Ttotal | Status | Flags |
|---|---|---|---|---|---|---|
| r-devel-linux-x86_64-debian-clang | 0.5-1 | 37.40 | 101.08 | 138.48 | NOTE | |
| r-devel-linux-x86_64-debian-gcc | 0.5-1 | 35.41 | 73.16 | 108.57 | NOTE | |
| r-devel-linux-x86_64-fedora-clang | 0.5-1 | 79.00 | 137.43 | 216.43 | NOTE | |
| r-devel-linux-x86_64-fedora-gcc | 0.5-1 | 114.00 | 131.84 | 245.84 | NOTE | |
| r-devel-windows-x86_64 | 0.5-1 | 69.00 | 111.00 | 180.00 | OK | |
| r-patched-linux-x86_64 | 0.5-1 | 53.93 | 95.55 | 149.48 | OK | |
| r-release-linux-x86_64 | 0.5-1 | 51.40 | 95.43 | 146.83 | OK | |
| r-release-macos-arm64 | 0.5-1 | OK | ||||
| r-release-macos-x86_64 | 0.5-1 | 50.00 | 87.00 | 137.00 | OK | |
| r-release-windows-x86_64 | 0.5-1 | 57.00 | 121.00 | 178.00 | OK | |
| r-oldrel-macos-arm64 | 0.5-1 | OK | ||||
| r-oldrel-macos-x86_64 | 0.5-1 | 37.00 | 70.00 | 107.00 | OK | |
| r-oldrel-windows-x86_64 | 0.5-1 | 72.00 | 144.00 | 216.00 | OK |
Version: 0.5-1
Check: HTML version of manual
Result: NOTE
Found the following HTML validation problems:
tseriesTARMA.html:628:1 (TARMA.fit.Rd:99): Warning: <script> anchor "MathJax-script" already defined
tseriesTARMA.html:972:1 (TARMA.fit2.Rd:91): Warning: <script> anchor "MathJax-script" already defined
tseriesTARMA.html:1240:1 (TARMA.sim.Rd:64): Warning: <script> anchor "MathJax-script" already defined
tseriesTARMA.html:2431:1 (supLMQur.Rd:26): Warning: <script> anchor "MathJax-script" already defined
Flavors: r-devel-linux-x86_64-debian-clang, r-devel-linux-x86_64-debian-gcc, r-devel-linux-x86_64-fedora-clang, r-devel-linux-x86_64-fedora-gcc
Version: 0.5-1
Check: compiled code
Result: NOTE
File ‘tseriesTARMA/libs/tseriesTARMA.so’:
Found no calls to: ‘R_registerRoutines’, ‘R_useDynamicSymbols’
It is good practice to register native routines and to disable symbol
search.
See ‘Writing portable packages’ in the ‘Writing R Extensions’ manual.
Flavors: r-devel-linux-x86_64-fedora-clang, r-devel-linux-x86_64-fedora-gcc