Last updated on 2025-11-24 04:50:12 CET.
| Flavor | Version | Tinstall | Tcheck | Ttotal | Status | Flags |
|---|---|---|---|---|---|---|
| r-devel-linux-x86_64-debian-clang | 1.0.0 | 2.21 | 27.00 | 29.21 | NOTE | |
| r-devel-linux-x86_64-debian-gcc | 1.0.0 | 1.95 | 23.01 | 24.96 | NOTE | |
| r-devel-linux-x86_64-fedora-clang | 1.0.0 | 43.70 | OK | |||
| r-devel-linux-x86_64-fedora-gcc | 1.0.0 | 42.41 | OK | |||
| r-devel-windows-x86_64 | 1.0.0 | 5.00 | 47.00 | 52.00 | OK | |
| r-patched-linux-x86_64 | 1.0.0 | 2.62 | 25.83 | 28.45 | OK | |
| r-release-linux-x86_64 | 1.0.0 | 2.07 | 25.96 | 28.03 | OK | |
| r-release-macos-arm64 | 1.0.0 | OK | ||||
| r-release-macos-x86_64 | 1.0.0 | 2.00 | 28.00 | 30.00 | OK | |
| r-release-windows-x86_64 | 1.0.0 | 6.00 | 54.00 | 60.00 | OK | |
| r-oldrel-macos-arm64 | 1.0.0 | OK | ||||
| r-oldrel-macos-x86_64 | 1.0.0 | 2.00 | 24.00 | 26.00 | OK | |
| r-oldrel-windows-x86_64 | 1.0.0 | 3.00 | 53.00 | 56.00 | OK |
Version: 1.0.0
Check: CRAN incoming feasibility
Result: NOTE
Maintainer: ‘Higor Cotta <cotta.higor@gmail.com>’
No Authors@R field in DESCRIPTION.
Please add one, modifying
Authors@R: c(person(given = "Higor",
family = "Cotta",
role = c("aut", "cre"),
email = "cotta.higor@gmail.com"),
person(given = "Valderio",
family = "Reisen",
role = "aut"),
person(given = "Pascal",
family = "Bondon",
role = "aut"),
person(given = "Céline",
family = "Lévy-Leduc",
role = "aut"))
as necessary.
Flavors: r-devel-linux-x86_64-debian-clang, r-devel-linux-x86_64-debian-gcc