Last updated on 2025-07-27 05:48:47 CEST.
Flavor | Version | Tinstall | Tcheck | Ttotal | Status | Flags |
---|---|---|---|---|---|---|
r-devel-linux-x86_64-debian-clang | 1.15.0 | 85.68 | 189.65 | 275.33 | OK | |
r-devel-linux-x86_64-debian-gcc | 1.15.0 | 64.75 | 146.73 | 211.48 | OK | |
r-devel-linux-x86_64-fedora-clang | 1.15.0 | 475.17 | OK | |||
r-devel-linux-x86_64-fedora-gcc | 1.15.0 | 463.77 | OK | |||
r-devel-windows-x86_64 | 1.15.0 | 103.00 | 257.00 | 360.00 | OK | |
r-patched-linux-x86_64 | 1.15.0 | 95.55 | 182.89 | 278.44 | OK | |
r-release-linux-x86_64 | 1.15.0 | 89.71 | 182.72 | 272.43 | OK | |
r-release-macos-arm64 | 1.15.0 | 163.00 | OK | |||
r-release-macos-x86_64 | 1.15.0 | 217.00 | OK | |||
r-release-windows-x86_64 | 1.15.0 | 101.00 | 233.00 | 334.00 | OK | |
r-oldrel-macos-arm64 | 1.15.0 | 126.00 | NOTE | |||
r-oldrel-macos-x86_64 | 1.15.0 | 210.00 | NOTE | |||
r-oldrel-windows-x86_64 | 1.15.0 | 120.00 | 304.00 | 424.00 | OK |
Version: 1.15.0
Check: installed package size
Result: NOTE
installed size is 6.6Mb
sub-directories of 1Mb or more:
libs 4.6Mb
Flavors: r-oldrel-macos-arm64, r-oldrel-macos-x86_64