CRAN Package Check Results for Package vrtest

Last updated on 2025-05-15 05:50:40 CEST.

Flavor Version Tinstall Tcheck Ttotal Status Flags
r-devel-linux-x86_64-debian-clang 1.2 3.25 36.02 39.27 NOTE
r-devel-linux-x86_64-debian-gcc 1.2 2.39 24.65 27.04 NOTE
r-devel-linux-x86_64-fedora-clang 1.2 60.40 OK
r-devel-linux-x86_64-fedora-gcc 1.2 58.69 OK
r-devel-windows-x86_64 1.2 3.00 56.00 59.00 OK
r-patched-linux-x86_64 1.2 3.22 34.46 37.68 OK
r-release-linux-x86_64 1.2 2.99 34.79 37.78 OK
r-release-macos-arm64 1.2 20.00 OK
r-release-macos-x86_64 1.2 45.00 OK
r-release-windows-x86_64 1.2 3.00 58.00 61.00 OK
r-oldrel-macos-arm64 1.2 19.00 OK
r-oldrel-macos-x86_64 1.2 37.00 OK
r-oldrel-windows-x86_64 1.2 4.00 54.00 58.00 OK

Check Details

Version: 1.2
Check: CRAN incoming feasibility
Result: NOTE Maintainer: ‘Jae H. Kim <jaekim8080@gmail.com>’ No Authors@R field in DESCRIPTION. Please add one, modifying Authors@R: person(given = c("Jae", "H."), family = "Kim", role = c("aut", "cre"), email = "jaekim8080@gmail.com") as necessary. Flavors: r-devel-linux-x86_64-debian-clang, r-devel-linux-x86_64-debian-gcc