CRAN Package Check Results for Package vscc

Last updated on 2025-10-09 14:50:40 CEST.

Flavor Version Tinstall Tcheck Ttotal Status Flags
r-devel-linux-x86_64-debian-clang 0.7 6.09 86.30 92.39 NOTE
r-devel-linux-x86_64-debian-gcc 0.7 4.06 52.22 56.28 NOTE
r-devel-linux-x86_64-fedora-clang 0.7 145.24 OK
r-devel-linux-x86_64-fedora-gcc 0.7 119.20 OK
r-devel-windows-x86_64 0.7 8.00 95.00 103.00 NOTE
r-patched-linux-x86_64 0.7 5.73 69.46 75.19 NOTE
r-release-linux-x86_64 0.7 5.04 69.58 74.62 NOTE
r-release-macos-arm64 0.7 46.00 OK
r-release-macos-x86_64 0.7 85.00 OK
r-release-windows-x86_64 0.7 8.00 95.00 103.00 NOTE
r-oldrel-macos-arm64 0.7 40.00 OK
r-oldrel-macos-x86_64 0.7 61.00 OK
r-oldrel-windows-x86_64 0.7 9.00 106.00 115.00 OK

Check Details

Version: 0.7
Check: Rd cross-references
Result: NOTE Found the following Rd file(s) with Rd \link{} targets missing package anchors: vscc.Rd: teigen, Mclust Please provide package anchors for all Rd \link{} targets not in the package itself and the base packages. Flavors: r-devel-linux-x86_64-debian-clang, r-devel-linux-x86_64-debian-gcc, r-devel-windows-x86_64, r-patched-linux-x86_64, r-release-linux-x86_64, r-release-windows-x86_64