Last updated on 2025-10-30 04:50:37 CET.
| Flavor | Version | Tinstall | Tcheck | Ttotal | Status | Flags | 
|---|---|---|---|---|---|---|
| r-devel-linux-x86_64-debian-clang | 0.1.2 | 1.59 | 21.09 | 22.68 | NOTE | |
| r-devel-linux-x86_64-debian-gcc | 0.1.2 | 1.34 | 17.59 | 18.93 | NOTE | |
| r-devel-linux-x86_64-fedora-clang | 0.1.2 | 31.34 | NOTE | |||
| r-devel-linux-x86_64-fedora-gcc | 0.1.2 | 30.11 | NOTE | |||
| r-devel-windows-x86_64 | 0.1.2 | 3.00 | 43.00 | 46.00 | NOTE | |
| r-patched-linux-x86_64 | 0.1.2 | 1.64 | 18.80 | 20.44 | NOTE | |
| r-release-linux-x86_64 | 0.1.2 | 1.75 | 19.03 | 20.78 | NOTE | |
| r-release-macos-arm64 | 0.1.2 | 1.00 | 14.00 | 15.00 | NOTE | |
| r-release-macos-x86_64 | 0.1.2 | 2.00 | 24.00 | 26.00 | NOTE | |
| r-release-windows-x86_64 | 0.1.2 | 5.00 | 44.00 | 49.00 | NOTE | |
| r-oldrel-macos-arm64 | 0.1.2 | 1.00 | 13.00 | 14.00 | OK | |
| r-oldrel-macos-x86_64 | 0.1.2 | 1.00 | 20.00 | 21.00 | OK | |
| r-oldrel-windows-x86_64 | 0.1.2 | 5.00 | 48.00 | 53.00 | OK | 
Version: 0.1.2
Check: DESCRIPTION meta-information
Result: NOTE
    Missing dependency on R >= 4.1.0 because package code uses the pipe
    |> or function shorthand \(...) syntax added in R 4.1.0.
    File(s) using such syntax:
      ‘walkscore.R’
Flavors: r-devel-linux-x86_64-debian-clang, r-devel-linux-x86_64-debian-gcc, r-devel-linux-x86_64-fedora-clang, r-devel-linux-x86_64-fedora-gcc, r-devel-windows-x86_64, r-patched-linux-x86_64, r-release-linux-x86_64, r-release-macos-arm64, r-release-macos-x86_64, r-release-windows-x86_64