Last updated on 2025-07-21 05:51:15 CEST.
Flavor | Version | Tinstall | Tcheck | Ttotal | Status | Flags |
---|---|---|---|---|---|---|
r-devel-linux-x86_64-debian-clang | 1.0.3 | 5.90 | 52.80 | 58.70 | NOTE | |
r-devel-linux-x86_64-debian-gcc | 1.0.3 | 4.81 | 41.13 | 45.94 | NOTE | |
r-devel-linux-x86_64-fedora-clang | 1.0.3 | 90.75 | OK | |||
r-devel-linux-x86_64-fedora-gcc | 1.0.3 | 104.94 | OK | |||
r-devel-windows-x86_64 | 1.0.3 | 10.00 | 68.00 | 78.00 | OK | |
r-patched-linux-x86_64 | 1.0.3 | 6.19 | 50.44 | 56.63 | OK | |
r-release-linux-x86_64 | 1.0.3 | 4.91 | 50.39 | 55.30 | OK | |
r-release-macos-arm64 | 1.0.3 | 34.00 | OK | |||
r-release-macos-x86_64 | 1.0.3 | 74.00 | OK | |||
r-release-windows-x86_64 | 1.0.3 | 9.00 | 69.00 | 78.00 | OK | |
r-oldrel-macos-arm64 | 1.0.3 | 34.00 | NOTE | |||
r-oldrel-macos-x86_64 | 1.0.3 | 52.00 | NOTE | |||
r-oldrel-windows-x86_64 | 1.0.3 | 12.00 | 82.00 | 94.00 | NOTE |
Version: 1.0.3
Check: CRAN incoming feasibility
Result: NOTE
Maintainer: ‘Richard Barnes <rijard.barnes@gmail.com>’
The BugReports field in DESCRIPTION has
https://github.com/r-barnes/webglobe/
which should likely be
https://github.com/r-barnes/webglobe/issues
instead.
Flavors: r-devel-linux-x86_64-debian-clang, r-devel-linux-x86_64-debian-gcc
Version: 1.0.3
Check: installed package size
Result: NOTE
installed size is 10.5Mb
sub-directories of 1Mb or more:
client 9.4Mb
doc 1.0Mb
Flavors: r-oldrel-macos-arm64, r-oldrel-macos-x86_64, r-oldrel-windows-x86_64