CRAN Package Check Results for Package webr

Last updated on 2025-04-15 05:49:23 CEST.

Flavor Version Tinstall Tcheck Ttotal Status Flags
r-devel-linux-x86_64-debian-clang 0.1.5 11.98 114.26 126.24 OK
r-devel-linux-x86_64-debian-gcc 0.1.5 8.27 81.07 89.34 OK
r-devel-linux-x86_64-fedora-clang 0.1.5 199.17 NOTE
r-devel-linux-x86_64-fedora-gcc 0.1.5 199.70 NOTE
r-devel-windows-x86_64 0.1.5 14.00 120.00 134.00 OK
r-patched-linux-x86_64 0.1.5 11.83 111.07 122.90 OK
r-release-linux-x86_64 0.1.5 10.39 111.99 122.38 OK
r-release-macos-arm64 0.1.5 63.00 OK
r-release-macos-x86_64 0.1.5 106.00 OK
r-release-windows-x86_64 0.1.5 14.00 120.00 134.00 OK
r-oldrel-macos-arm64 0.1.5 60.00 NOTE
r-oldrel-macos-x86_64 0.1.5 89.00 NOTE
r-oldrel-windows-x86_64 0.1.5 18.00 155.00 173.00 NOTE

Check Details

Version: 0.1.5
Check: dependencies in R code
Result: NOTE Namespaces in Imports field not imported from: ‘shiny’ ‘tidyselect’ All declared Imports should be used. Flavors: r-devel-linux-x86_64-fedora-clang, r-devel-linux-x86_64-fedora-gcc

Version: 0.1.5
Check: LazyData
Result: NOTE 'LazyData' is specified without a 'data' directory Flavors: r-oldrel-macos-arm64, r-oldrel-macos-x86_64, r-oldrel-windows-x86_64