Last updated on 2025-11-24 04:50:13 CET.
| Flavor | Version | Tinstall | Tcheck | Ttotal | Status | Flags |
|---|---|---|---|---|---|---|
| r-devel-linux-x86_64-debian-clang | 1.4.4 | 60.55 | 32.48 | 93.03 | OK | |
| r-devel-linux-x86_64-debian-gcc | 1.4.4 | 47.73 | 26.48 | 74.21 | OK | |
| r-devel-linux-x86_64-fedora-clang | 1.4.4 | 107.00 | 39.04 | 146.04 | OK | |
| r-devel-linux-x86_64-fedora-gcc | 1.4.4 | 136.00 | 50.23 | 186.23 | OK | |
| r-devel-windows-x86_64 | 1.4.4 | 105.00 | 143.00 | 248.00 | OK | |
| r-patched-linux-x86_64 | 1.4.4 | 65.02 | 30.22 | 95.24 | OK | |
| r-release-linux-x86_64 | 1.4.4 | 65.32 | 29.91 | 95.23 | OK | |
| r-release-macos-arm64 | 1.4.4 | OK | ||||
| r-release-macos-x86_64 | 1.4.4 | 101.00 | 85.00 | 186.00 | OK | |
| r-release-windows-x86_64 | 1.4.4 | 84.00 | 149.00 | 233.00 | OK | |
| r-oldrel-macos-arm64 | 1.4.4 | NOTE | ||||
| r-oldrel-macos-x86_64 | 1.4.4 | 80.00 | 104.00 | 184.00 | NOTE | |
| r-oldrel-windows-x86_64 | 1.4.4 | 104.00 | 161.00 | 265.00 | NOTE |
Version: 1.4.4
Check: installed package size
Result: NOTE
installed size is 29.4Mb
sub-directories of 1Mb or more:
libs 29.2Mb
Flavors: r-oldrel-macos-arm64, r-oldrel-macos-x86_64, r-oldrel-windows-x86_64
Version: 1.4.4
Check: for GNU extensions in Makefiles
Result: NOTE
GNU make is a SystemRequirements.
Flavors: r-oldrel-macos-arm64, r-oldrel-macos-x86_64, r-oldrel-windows-x86_64