CRAN Package Check Results for Package whatthreewords

Last updated on 2025-11-24 04:50:13 CET.

Flavor Version Tinstall Tcheck Ttotal Status Flags
r-devel-linux-x86_64-debian-clang 0.1.3 1.50 25.95 27.45 NOTE
r-devel-linux-x86_64-debian-gcc 0.1.3 1.42 21.47 22.89 NOTE
r-devel-linux-x86_64-fedora-clang 0.1.3 40.94 NOTE
r-devel-linux-x86_64-fedora-gcc 0.1.3 52.50 NOTE
r-devel-windows-x86_64 0.1.3 6.00 43.00 49.00 NOTE
r-patched-linux-x86_64 0.1.3 1.63 23.30 24.93 NOTE
r-release-linux-x86_64 0.1.3 1.78 23.25 25.03 NOTE
r-release-macos-arm64 0.1.3 NOTE
r-release-macos-x86_64 0.1.3 2.00 41.00 43.00 NOTE
r-release-windows-x86_64 0.1.3 4.00 46.00 50.00 NOTE
r-oldrel-macos-arm64 0.1.3 OK
r-oldrel-macos-x86_64 0.1.3 2.00 34.00 36.00 OK
r-oldrel-windows-x86_64 0.1.3 6.00 51.00 57.00 OK

Check Details

Version: 0.1.3
Check: DESCRIPTION meta-information
Result: NOTE Missing dependency on R >= 4.1.0 because package code uses the pipe |> or function shorthand \(...) syntax added in R 4.1.0. File(s) using such syntax: ‘coords_from_words.R’ ‘get_available_languages.R’ ‘words_from_coords.R’ Flavors: r-devel-linux-x86_64-debian-clang, r-devel-linux-x86_64-debian-gcc, r-devel-linux-x86_64-fedora-clang, r-devel-linux-x86_64-fedora-gcc, r-devel-windows-x86_64, r-patched-linux-x86_64, r-release-linux-x86_64, r-release-macos-arm64, r-release-macos-x86_64, r-release-windows-x86_64