CRAN Package Check Results for Package xnet

Last updated on 2025-11-24 04:50:13 CET.

Flavor Version Tinstall Tcheck Ttotal Status Flags
r-devel-linux-x86_64-debian-clang 0.1.11 6.76 60.52 67.28 NOTE
r-devel-linux-x86_64-debian-gcc 0.1.11 4.35 46.10 50.45 NOTE
r-devel-linux-x86_64-fedora-clang 0.1.11 14.00 86.62 100.62 OK
r-devel-linux-x86_64-fedora-gcc 0.1.11 15.00 94.23 109.23 OK
r-devel-windows-x86_64 0.1.11 9.00 79.00 88.00 OK
r-patched-linux-x86_64 0.1.11 7.59 56.05 63.64 OK
r-release-linux-x86_64 0.1.11 5.38 55.93 61.31 OK
r-release-macos-arm64 0.1.11 OK
r-release-macos-x86_64 0.1.11 5.00 69.00 74.00 OK
r-release-windows-x86_64 0.1.11 8.00 106.00 114.00 OK
r-oldrel-macos-arm64 0.1.11 OK
r-oldrel-macos-x86_64 0.1.11 4.00 50.00 54.00 OK
r-oldrel-windows-x86_64 0.1.11 9.00 99.00 108.00 OK

Check Details

Version: 0.1.11
Check: CRAN incoming feasibility
Result: NOTE Maintainer: ‘Joris Meys <Joris.Meys@UGent.be>’ Found the following URLs which should use \doi (with the DOI name only): File ‘drugTargetInteraction.Rd’: https://doi.org/10.1093/bioinformatics/btn162 File ‘loo.Rd’: http://doi.org/10.1093/bib/bby095 File ‘proteinInteraction.Rd’: https://doi.org/10.1093/bioinformatics/bth910 File ‘xnet-package.Rd’: http://doi.org/10.1093/bib/bby095 Flavors: r-devel-linux-x86_64-debian-clang, r-devel-linux-x86_64-debian-gcc