Last updated on 2025-11-24 04:50:13 CET.
| Flavor | Version | Tinstall | Tcheck | Ttotal | Status | Flags |
|---|---|---|---|---|---|---|
| r-devel-linux-x86_64-debian-clang | 1.3.1 | 14.52 | 114.13 | 128.65 | NOTE | |
| r-devel-linux-x86_64-debian-gcc | 1.3.1 | 11.35 | 80.69 | 92.04 | NOTE | |
| r-devel-linux-x86_64-fedora-clang | 1.3.1 | 110.00 | 98.96 | 208.96 | OK | |
| r-devel-linux-x86_64-fedora-gcc | 1.3.1 | 38.00 | 154.24 | 192.24 | OK | |
| r-devel-windows-x86_64 | 1.3.1 | 18.00 | 110.00 | 128.00 | OK | |
| r-patched-linux-x86_64 | 1.3.1 | 13.79 | 108.67 | 122.46 | OK | |
| r-release-linux-x86_64 | 1.3.1 | 14.58 | 109.47 | 124.05 | OK | |
| r-release-macos-arm64 | 1.3.1 | OK | ||||
| r-release-macos-x86_64 | 1.3.1 | 11.00 | 81.00 | 92.00 | OK | |
| r-release-windows-x86_64 | 1.3.1 | 17.00 | 127.00 | 144.00 | OK | |
| r-oldrel-macos-arm64 | 1.3.1 | OK | ||||
| r-oldrel-macos-x86_64 | 1.3.1 | 9.00 | 63.00 | 72.00 | OK | |
| r-oldrel-windows-x86_64 | 1.3.1 | 23.00 | 140.00 | 163.00 | OK |
Version: 1.3.1
Check: CRAN incoming feasibility
Result: NOTE
Maintainer: ‘Emanuele Guidotti <emanuele.guidotti@hotmail.it>’
No Authors@R field in DESCRIPTION.
Please add one, modifying
Authors@R: c(person(given = c("YUIMA", "Project"),
family = "Team",
role = "aut"),
person(given = "Emanuele",
family = "Guidotti",
role = "cre",
email = "emanuele.guidotti@hotmail.it"))
as necessary.
Package CITATION file contains call(s) to old-style personList() or
as.personList(). Please use c() on person objects instead.
Package CITATION file contains call(s) to old-style citEntry(). Please
use bibentry() instead.
Flavors: r-devel-linux-x86_64-debian-clang, r-devel-linux-x86_64-debian-gcc