CRAN Package Check Results for Package ztable

Last updated on 2025-07-20 05:48:38 CEST.

Flavor Version Tinstall Tcheck Ttotal Status Flags
r-devel-linux-x86_64-debian-clang 0.2.3 10.09 87.60 97.69 NOTE
r-devel-linux-x86_64-debian-gcc 0.2.3 6.70 58.51 65.21 NOTE
r-devel-linux-x86_64-fedora-clang 0.2.3 193.17 NOTE
r-devel-linux-x86_64-fedora-gcc 0.2.3 191.76 NOTE
r-devel-windows-x86_64 0.2.3 12.00 126.00 138.00 NOTE
r-patched-linux-x86_64 0.2.3 10.45 81.98 92.43 NOTE
r-release-linux-x86_64 0.2.3 9.72 81.94 91.66 NOTE
r-release-macos-arm64 0.2.3 84.00 NOTE
r-release-macos-x86_64 0.2.3 138.00 NOTE
r-release-windows-x86_64 0.2.3 13.00 122.00 135.00 NOTE
r-oldrel-macos-arm64 0.2.3 60.00 NOTE
r-oldrel-macos-x86_64 0.2.3 90.00 NOTE
r-oldrel-windows-x86_64 0.2.3 15.00 150.00 165.00 NOTE

Check Details

Version: 0.2.3
Check: Rd files
Result: NOTE checkRd: (-1) update_ztable.Rd:75: Lost braces; missing escapes or markup? 75 | must be NULL or contain only elements of {"h","t","b","p","!","H"}.} | ^ checkRd: (-1) ztable_sub.Rd:78: Lost braces; missing escapes or markup? 78 | must be NULL or contain only elements of {"h","t","b","p","!","H"}. | ^ Flavors: r-devel-linux-x86_64-debian-clang, r-devel-linux-x86_64-debian-gcc, r-devel-linux-x86_64-fedora-clang, r-devel-linux-x86_64-fedora-gcc, r-devel-windows-x86_64, r-patched-linux-x86_64, r-release-linux-x86_64, r-release-macos-arm64, r-release-macos-x86_64, r-release-windows-x86_64, r-oldrel-macos-arm64, r-oldrel-macos-x86_64, r-oldrel-windows-x86_64